ivative of -s**4/24 - s**3/6 - 9*s**2/2 - 11*s. Let l(u) be the first derivative of x(u). Give l(-3).
2
Let q(f) = 26*f**3 - 32*f**3 - 5*f**3. What is q(-1)?
11
Let n be (20 + 3 + -6)/1. Let r = n - 15. Let i(b) = 4*b**r + b + 5*b**2 - 8*b**2 + 3. Calculate i(0).
3
Suppose 4*x + w = 5*w + 16, 4*w - 4 = -x. Let z(b) = -12 - 2*b - b**3 + 2*b - b - x. Determine z(0).
-16
Let u(i) = 28*i - 13. Let r be u(1). Suppose l = -10 + r. Let m(a) = -a**2 + 6*a - 7. Give m(l).
-2
Let d(c) be the second derivative of c**4/12 + 2*c**3/3 + 3*c**2/2 + 23*c. What is d(-4)?
3
Let j(p) = p**2 + 4*p - 1. Let l = 147 - 35. Let z = l + -117. Determine j(z).
4
Let j(l) = -12*l + 2. Let s(k) = -24*k + 5. Let q(p) = -7*j(p) + 3*s(p). Give q(1).
13
Let r(z) = -7*z + 5. Suppose f - 5*f = 0, -2*f - 12 = -3*p. Determine r(p).
-23
Let s(y) = 5*y**2 + 2*y - 2. Let x be 1 + 5 + 12/(-4). Let o = -1 + x. What is s(o)?
22
Let n be ((-28)/(-12) - 1) + 12/18. Let w(v) = -3*v**2 + 9 - 13 - v + n*v**2 + 5. What is w(-2)?
-1
Let r(m) = 8*m**3 - m**2 + m - 1. Let i(c) = 5*c**2 - 2*c + 2. Let p be i(2). Let u be (-1)/(-4)*2*p. Suppose w = u - 8. Calculate r(w).
7
Let d(c) be the first derivative of -c**2/2 + 3*c - 5. Suppose 4*u + 5*r = -1 - 4, -u - r = 1. Let g(j) = -j**2 + 6. Let w be g(u). Determine d(w).
-3
Let f(b) be the first derivative of -b**2/2 - 2*b + 28. Let l(p) = -p. Let q be l(5). Determine f(q).
3
Let v(k) = 5*k**3 + 5*k**2 + 3*k - 9. Let a(b) = -b**3 - b**2 - b + 2. Let j(w) = 4*a(w) + v(w). Determine j(-3).
-16
Let j be -6*(3 + 14/(-4)). Let i(r) be the second derivative of -r**3/3 + r**2 + 2*r + 1. Give i(j).
-4
Suppose -2*s = 2, -5*m - 5*s + 16 = -s. Suppose -b = m*b - 15. Suppose b*n + 0 + 3 = 0. Let y(x) = -8*x**2. What is y(n)?
-8
Let i = -687 - -693. Let s(q) = q**2 - 3*q - 5. What is s(i)?
13
Let v(f) = f**2 - 2*f - 1. Suppose -5*i = -25, -11*b + 6*b - 4*i + 30 = 0. Determine v(b).
-1
Let p(f) be the first derivative of 1/2*f**2 + 6*f - 7. Give p(-6).
0
Let t(p) = -p + 1. Let m(k) = 2. Let i(a) = m(a) - t(a). Suppose -5*r + 4 = -j, -3*j - 2*r - 487 = -509. Calculate i(j).
7
Let k(d) = -9*d - 18. Let l be (-46)/9 - (-30)/27. Determine k(l).
18
Let a be ((-180)/(-240))/(6/(-16)). Let h(x) = 4*x**3 + 3*x**2 + x + 1. Determine h(a).
-21
Let k(u) = -2*u**3 - 11*u**2 - 7*u - 5. Let m be (-4 + 1 + 1)*1 + -3. Let o be k(m). Let s(p) = -p + 10. Calculate s(o).
5
Suppose t + 4*q - 9 = 5, -5*t + 2*q = -26. Let y(a) be the second derivative of 0 - 1/12*a**4 + 7/6*a**3 - 4*a**2 - 29*a. Calculate y(t).
-2
Let t(m) = -m**3 - 4*m**2 - m + 2. Let p(f) = -f**3 - 5*f**2 + 21*f - 19. Let w be p(-8). Suppose -w*i - 5*u + 6*u = 16, -16 = 3*i + u. Calculate t(i).
6
Let h(z) = -z**3 + 8*z**2 - 5*z - 4. Let i = -214 - -221. Calculate h(i).
10
Let m(l) = -3*l - 707 - 3*l**2 + 354 - 2*l**2 - l**3 + 356. What is m(-4)?
-1
Let q(y) = -3*y - 11. Suppose -14*j = -15*j - 9. Calculate q(j).
16
Let v(w) = 4*w + 4. Let l = 228 - 230. What is v(l)?
-4
Let w(u) = -47 - 52 - 4*u + 101. Give w(-1).
6
Let h(k) = 3*k + 1. Let o be h(1). Suppose 123 = o*n - y, -n - 3*y - 113 = -5*n. Suppose -2*j = -10, -3 = 5*d - 2*j + n. Let t(s) = -s - 9. Determine t(d).
-4
Let r(h) = h + 15. Let s be r(-6). Let d(q) = 11*q + 9. Let i(z) = -5*z - 4. Let m(j) = s*i(j) + 4*d(j). Suppose 3*b = -b - 16. What is m(b)?
4
Let p(r) = r - 3. Let b be 1 + -1 - (8 - -4). Let d be (b/(-8))/((-9)/(-48)). Suppose 4*h + 4*j - d - 8 = 0, 8 = 3*h + 2*j. Determine p(h).
-3
Let b(r) = 6*r**2 - 1. Let l be b(-1). Let a(y) = 3*y**3 - 6*y**2 - 4*y + 8. Let g(h) = 8*h**3 - 15*h**2 - 13*h + 23. Let d(f) = -11*a(f) + 4*g(f). Give d(l).
-11
Suppose 8 = 2*d + r + r, -d = -r + 4. Let s(j) = -j**3 - j**2 - j - 24. Determine s(d).
-24
Let o = -4 - -8. Let u be 63/12 - 1/o. Suppose -3*q - 6 = -0*q - u*s, -5*s + 15 = 0. Let t(b) = b + 3. Determine t(q).
6
Suppose v + 6 = -v. Let r be -7 - (1 - (v + 7)). Let q = r - -6. Let h(d) = 3*d**3 - 3*d + 1. Give h(q).
19
Let p(z) = -6*z - 11. Let y(v) = -5*v - 9. Let d(m) = -4*p(m) + 5*y(m). Give d(5).
-6
Let o = 66 - 59. Let k(t) = -10*t**3 + 14*t**2 - 7*t + 2. Let j(h) = -7*h**3 + 9*h**2 - 5*h + 1. Let q(f) = 7*j(f) - 5*k(f). Determine q(o).
-3
Let z be (1 - -1)*(148/407 + 6/44). Let g(b) be the second derivative of b**4/6 + b**2/2 - b. Give g(z).
3
Suppose -4*u + 13*z - 12*z + 16 = 0, -3*u + 4*z + 25 = 0. Let k(d) = 10*d + 3. What is k(u)?
33
Suppose -2*d + 6*d = -4. Let w(m) = 8*m**2 + 9 + 15 + 7*m**2 + 24*m. Let z(f) = 3*f**2 + 5*f + 5. Let l(t) = 5*w(t) - 24*z(t). Give l(d).
3
Let n(x) = 17*x + 8. Let t(c) = -14*c - 9. Let d(g) = -5*n(g) - 6*t(g). Give d(0).
14
Let r(o) = -3 + 11 + 0 - 2 + 3*o + 8. What is r(-9)?
-13
Let n(c) = -77*c - 7 + 10 + 85*c. Determine n(-4).
-29
Let m(s) be the first derivative of s**4/4 + 2*s**3 + s**2 - 36. Calculate m(-6).
-12
Suppose -5*r + 45 = -10*r. Let g(l) = l**3 + 8*l**2 - 9*l + 2. What is g(r)?
2
Let i(d) be the second derivative of d**8/6720 + d**7/630 + d**5/40 - 7*d**4/12 + 10*d. Let r(m) be the third derivative of i(m). Calculate r(-3).
12
Let g(z) = -10*z**2 - 4*z - 3. Suppose 17 = -4*v - 3*l, 0 = -4*v + 4*l - 5*l - 11. Calculate g(v).
-35
Let o(a) = -4 + 0*a**3 + 27*a**2 - 59*a**2 - a**3 + 4*a + 35*a**2. Give o(4).
-4
Let f(l) = -l**2 - l - 2. Suppose 17*n + 6 = 20*n. Suppose c = -n*c - 2*k - 2, -5*c = 2*k + 6. What is f(c)?
-4
Let o(n) = -n**2 - 2. Let x be o(-2). Let z be ((-2)/(-4))/(3/x). Let y(b) = 8*b**3 + b**2. Calculate y(z).
-7
Let t(v) = -v**2 + 7*v - 6. Suppose 0*a + 12 = 2*a. Calculate t(a).
0
Let w(k) be the third derivative of k**6/120 + k**4/24 + k**3 - k**2. Let x(l) = -l - 2. Let i be x(7). Let n = i + 9. Give w(n).
6
Suppose -d - 2*d = -69. Let t = d - 28. Let s(l) = -7*l**2 - 6*l + 2. Let y(j) = -13*j**2 - 11*j + 3. Let n(u) = t*s(u) + 3*y(u). Give n(-2).
-11
Let u(z) = 2 + 2*z + z - 4*z**2 + 3*z**2. Suppose -6*o = -41 + 5. Suppose -o*p + 8 = -4*p. Determine u(p).
-2
Suppose -3*v = 2*h + 1, 0*h - 2*v = 3*h + 9. Let k(n) = -n**3 - 6*n**2 - 4*n - 6. What is k(h)?
-11
Suppose 5*n - 241 = -46. Let u = n - 40. Let s(b) = 4*b**2 + 2*b + 1. Calculate s(u).
3
Suppose 30 = -3*o + 9. Let b = o - -11. Let z(a) = -2*a - a + a + b*a. Give z(6).
12
Let x be (3/4)/((-1)/4). Let w(i) = -i**3 + 2*i**2 + 2*i + 1. Let m(y) = -3*y**3 + 11*y**2 + 5*y + 3. Let s(b) = m(b) - 4*w(b). Determine s(x).
8
Suppose 4 = 3*q + 13. Let w(x) = x - 3. Let g be w(q). Let m(y) = 1. Let c(s) = s - 6. Let v(a) = -c(a) + 2*m(a). Determine v(g).
14
Let j(m) = m**2 + m + 1. Let o(v) = -v**3 + 7*v**2 + 7*v + 4. Let z(y) = -2*y - 19. Let x be z(-9). Let h(u) = x*o(u) + 4*j(u). Let k = 1 - -3. What is h(k)?
4
Let v(q) be the third derivative of q**6/120 - 7*q**5/60 + q**4/8 + q**3/2 + 30*q**2. Determine v(7).
24
Let r = -27 + 31. Let j(a) = 0*a**2 + r*a + 5*a**2 - 4*a**2 - 3*a + 10. Let v = 1 - 1. What is j(v)?
10
Let n(l) = -6*l**2 + 5. Let w(q) = q**2 + 2*q. Let f(k) = -n(k) - 5*w(k). Determine f(10).
-5
Let y(f) = -f**3 + 6*f**2 - 4*f + 13. Suppose 117*h + 48 = 125*h. Determine y(h).
-11
Let r(j) = -47*j + j**2 + 44*j + 3*j**2 + 0*j**3 - 4 - j**3. Determine r(3).
-4
Suppose -2*b = 1 - 7. Suppose 5*m = b*w - 114, 3*w = -m - 8 - 4. Let l = m - -18. Let q(y) = y**2 + 6*y - 1. Give q(l).
-10
Let m(x) be the second derivative of -x**4/6 + x**2/2 + 42*x. Give m(-3).
-17
Suppose -183*k = -194*k + 11. Let v(a) = 13*a**3 + a**2 - 1. Calculate v(k).
13
Let p(q) = -1. Let s(j) = 2*j + 4. Let m(a) = 3*p(a) + s(a). Let h = -21 - -18. Give m(h).
-5
Let z(u) = 2*u**3 + 11*u**2 + 8*u - 19. Let p be z(-4). Let q(x) = -21*x**2 + 6*x - 6. Let o(r) = 3*r**2 - r + 1. Let m(t) = -27*o(t) - 4*q(t). Calculate m(p).
15
Let q(l) = 7*l - 2. Let o(v) = 4*v**2 - 4*v + 2. Let r be o(4). Suppose -2 = 49*b - r*b. Calculate q(b).
12
Let n(o) = o**3 - o + 1 + 2*o**2 + 0*o - o**2. Let c be 10/(-15)*1 + 32/(-24). Determine n(c).
-1
Let d(j) be the second derivative of 1/3*j**3 + 9*j + 3/20*j**5 + 0*j**2 + 0 + 1/4*j**4. Determine d(-2).
-16
Let t(k) be the first derivative of k**2/2 + 8*k - 43. Suppose -5*u - 3*y = 24, -3*y = 2*u - 0 + 6. Calculate t(u).
2
Let n(a) = a**3 - 4*a**2 + 2*a + 2. Let o = -53 + 30. Let y = 25 + o. Calculate n(y).
-2
Suppose 0 = -f + 5*q + 18, 0 = 3*q + 1 + 11. Let a be 6/f*4/12. Let r(v)